{"id":2,"date":"2021-12-23T08:40:19","date_gmt":"2021-12-23T08:40:19","guid":{"rendered":"https:\/\/partywebben.se\/?page_id=2"},"modified":"2021-12-23T09:39:58","modified_gmt":"2021-12-23T09:39:58","slug":"partywebben","status":"publish","type":"page","link":"https:\/\/partywebben.se\/","title":{"rendered":"Party!"},"content":{"rendered":"\n<figure class=\"wp-block-image size-full\"><img fetchpriority=\"high\" decoding=\"async\" width=\"800\" height=\"600\" src=\"https:\/\/partywebben.se\/wp-content\/uploads\/2021\/12\/partywebben.jpg\" alt=\"Partywebben\" class=\"wp-image-10\" srcset=\"https:\/\/partywebben.se\/wp-content\/uploads\/2021\/12\/partywebben.jpg 800w, https:\/\/partywebben.se\/wp-content\/uploads\/2021\/12\/partywebben-300x225.jpg 300w, https:\/\/partywebben.se\/wp-content\/uploads\/2021\/12\/partywebben-768x576.jpg 768w\" sizes=\"(max-width: 800px) 100vw, 800px\" \/><\/figure>\n\n\n\n<p>Party Webben \u00e4r sidan du v\u00e4nder dig till f\u00f6r att f\u00e5 tips, inspiration och information kring hur du arrangerar ett eget party. Partyn finns i m\u00e5nga olika former b\u00e5de f\u00f6r stora och sm\u00e5 och n\u00e4tet \u00e4r fullt av massa matnyttig information. Vi hj\u00e4lper dig att skapa ett riktigt dr\u00f6m-party med v\u00e5ra tips, h\u00e4ng med!<\/p>\n\n\n\n<p>Inneh\u00e5ll, olika typer av partyn:<\/p>\n\n\n\n<ul class=\"wp-block-list\"><li><a href=\"#nyar\">Ny\u00e5rsparty<\/a><\/li><li><a href=\"#fodelsedag\">F\u00f6delsedagsparty<\/a><\/li><li><a href=\"#rave\">Raveparty<\/a><\/li><li><a href=\"#mello\">Mello och discoparty<\/a><\/li><li><a href=\"#tips\">Generella r\u00e5d kring partyn<\/a><\/li><li><a href=\"#lapp\">Lapp till grannarna<\/a><\/li><\/ul>\n\n\n\n<h2 class=\"wp-block-heading\">Ny\u00e5rsparty<\/h2>\n\n\n\n<p id=\"nyar\">P\u00e5 ny\u00e5rsafton \u00e4r det vanligt att man tr\u00e4ffar v\u00e4nner och bekanta genom en ny\u00e5rssup\u00e9 eller ny\u00e5rsmiddag. Antingen s\u00e5 v\u00e4ljer man att \u00e4ta ute p\u00e5 restaurang eller kanske p\u00e5 lokal men trevligast kanske \u00e4nd\u00e5 \u00e4r att arrangera en ny\u00e5rsfest hemma. Sj\u00e4lvklart beh\u00f6ver man pynta upp ordentligt med <strong>ny\u00e5rsdekoration <\/strong>i form av ballonger och annan dekoration. N\u00e4r det kommer till maten s\u00e5 \u00e4r ju oxfil\u00e9n en klassiker men t\u00e4nk p\u00e5 dina v\u00e4nner som \u00e4r vegetarianer, varf\u00f6r inte k\u00f6ra en helt vegetariskt ny\u00e5rsfest i \u00e5r?<\/p>\n\n\n\n<h2 class=\"wp-block-heading\">F\u00f6delsedagsparty<\/h2>\n\n\n\n<p id=\"fodelsedag\">N\u00e4r man fyller \u00e5r s\u00e5 vill man g\u00e4rna fira sin f\u00f6delsedag med en fest tillsammans med v\u00e4nner och bekanta. M\u00e5nga st\u00e4ller sig fr\u00e5gan om man ska ha en hemmafest eller p\u00e5 en lokal. Det viktiga \u00e4r att du och dina g\u00e4ster f\u00e5r en kul kv\u00e4ll. Planera g\u00e4rna din f\u00f6delsedagsfest i god tid s\u00e5 du slipper stress och en massa olika moment f\u00f6r n\u00e4ra inp\u00e5. Att ha en fest ska vara roligt \u00e4ven om det ibland kan k\u00e4nnas stressigt. \u00c4r det s\u00e5 att du fyller j\u00e4mt s\u00e5 t\u00e4nkt p\u00e5 att ladda p\u00e5 lite extra p\u00e5 festen, f\u00f6r den som fyller 30 s\u00e5 finns det massor av tips p\u00e5 <a href=\"http:\/\/30\u00e5rsfest.se\">30 \u00e5rs fest<\/a> sidan, kolla in den!<\/p>\n\n\n\n<h2 class=\"wp-block-heading\">Raveparty hemma<\/h2>\n\n\n\n<p id=\"rave\">\u00c4r du sugen p\u00e5 att arrangera en helt egen ravefest, eller rejvfest som vissa tycker att det heter &#8211; d\u00e5 ska du l\u00e4sa v\u00e5ra tips f\u00f6r en lyckad kv\u00e4ll\/natt. Ravefesten har p\u00e5 senare \u00e5r ofta blivit f\u00f6rknippad med s\u00e5 kallat skogsrejv som sker utomhus l\u00e5ngt fr\u00e5n bebyggelsen sommartid. Men vill man inte dra ut s\u00e4llskapet l\u00e5ngt ut i skogen och kanske inte riskera att st\u00f6ra natur och annat s\u00e5 \u00e4r det utm\u00e4rkt id\u00e9 att arrangera ett eget raveparty hemma.<\/p>\n\n\n\n<h2 class=\"wp-block-heading\">Musik till rejvfesten<\/h2>\n\n\n\n<p>H\u00e4r g\u00e4ller det att h\u00e4nga med och det finns olika typer av technomusik f\u00f6r olika typer av rejvfester, allt fr\u00e5n Psytrans till mer monoton techno, det \u00e4r v\u00e4l smaken som f\u00e5r s\u00e4tta tonen h\u00e4r. Det viktiga \u00e4r att h\u00f6gtalarna klarar av att spela h\u00f6g musik med mycket bas, dunka dunka!<\/p>\n\n\n\n<h2 class=\"wp-block-heading\">Dekoration till rejvfest<\/h2>\n\n\n\n<p>Neon och lysande f\u00e4rger \u00e4r temat f\u00f6r en ravefest.<\/p>\n\n\n\n<h2 class=\"wp-block-heading\">Melloparty<\/h2>\n\n\n\n<p id=\"mello\">N\u00e4r melodifestivalen g\u00e5r av stapeln s\u00e5 brukar m\u00e5nga passa p\u00e5 att ha ett h\u00e4rligt discoparty i anslutning. Se till att k\u00f6pa in glittriga kl\u00e4der, hattar, fj\u00e4derboa och annat i liknande tema. F\u00f6r dekorationen s\u00e5 rekommenderar vi att k\u00f6pa in Sverigeflaggor eller det land som ni hejjar p\u00e5. N\u00e4r v\u00e4l Eurovision-finalen s\u00e4nds p\u00e5 TV s\u00e5 ska allt redan finnas i form av dekoration och pynt.&nbsp;<\/p>\n\n\n\n<figure class=\"wp-block-image size-full\"><img decoding=\"async\" width=\"800\" height=\"600\" src=\"https:\/\/partywebben.se\/wp-content\/uploads\/2021\/12\/party.jpg\" alt=\"Party\" class=\"wp-image-13\" srcset=\"https:\/\/partywebben.se\/wp-content\/uploads\/2021\/12\/party.jpg 800w, https:\/\/partywebben.se\/wp-content\/uploads\/2021\/12\/party-300x225.jpg 300w, https:\/\/partywebben.se\/wp-content\/uploads\/2021\/12\/party-768x576.jpg 768w\" sizes=\"(max-width: 800px) 100vw, 800px\" \/><\/figure>\n\n\n\n<h2 class=\"wp-block-heading\" id=\"tips\">Generella tips och r\u00e5d kring partyn<\/h2>\n\n\n\n<p>N\u00e4r ska fixa ett eget party s\u00e5 finns det flera saker att t\u00e4nka p\u00e5. Se till att du i god tid har gjort klart f\u00f6ljande p\u00e5 v\u00e5r partylista:<\/p>\n\n\n\n<ol class=\"wp-block-list\"><li>G\u00e4ster, vilka ska bjudas in?<\/li><li>Tema, vilket tema ska festen ha?<\/li><li>Dekoration, ska festen g\u00e5 i en viss f\u00e4rgskala?<\/li><li>Mat och dryck, ska det bjudas p\u00e5 mat och dryck eller enklare tilltugg?<\/li><li>St\u00e4dning, jobbigt men lika bra att planera innan.<\/li><li>Musik, h\u00f6gtalare och kanske f\u00f6rbereda en spellista.<\/li><li>Dukning, ska du anv\u00e4nda eng\u00e5ngs dukning eller riktigt porslin.<\/li><li>Kl\u00e4dsel, vad ska du och dina g\u00e4ster ha p\u00e5 sig, kl\u00e4dkod?<\/li><li>Inbjudningar, skickas ut per post eller via tex Facebook, skapa en grupp?<\/li><li>Grannar, fixa lappar om ni tror att ni kommer att st\u00f6ra grannarna, se v\u00e5ra f\u00f6rslag p\u00e5 text nedan.<\/li><\/ol>\n\n\n\n<h2 class=\"wp-block-heading\" id=\"lapp\">Lapp till grannarna om fest<\/h2>\n\n\n\n<p>Har man ett party hemma s\u00e5 m\u00e5ste man respektera sina grannar. Ett bra s\u00e4tt att f\u00f6rekomma om att det kan bli h\u00f6gljutt \u00e4r att skriva en lapp och s\u00e4tta upp i porten eller brevl\u00e5dan. H\u00e4r kommer n\u00e5gra f\u00f6rslag p\u00e5 texter du kan skriva p\u00e5 din fest-lapp:<\/p>\n\n\n\n<p>\u201cK\u00e4ra grannar, ikv\u00e4ll kommer vi att ha en fest hemma, vi hoppas inte vi blir f\u00f6r h\u00f6gljudda men skulle vi st\u00f6ra allt f\u00f6r mycket \u00e4r ni v\u00e4lkomna att ringa eller skicka ett sms till mig p\u00e5 070-xxxxx\u201d<\/p>\n\n\n\n<p>\u201cJag fyller \u00e5r och kommer att fira detta med mina v\u00e4nner. Tveka inte att s\u00e4ga till om ni blir st\u00f6rda eller kom f\u00f6rbi p\u00e5 ett glas. H\u00e4lsningar fr\u00e5n grannen\u201d<\/p>\n","protected":false},"excerpt":{"rendered":"<p>Party Webben \u00e4r sidan du v\u00e4nder dig till f\u00f6r att f\u00e5 tips, inspiration och information kring hur du arrangerar ett eget party. Partyn finns i m\u00e5nga olika former b\u00e5de f\u00f6r stora och sm\u00e5 och n\u00e4tet \u00e4r fullt av massa matnyttig information. Vi hj\u00e4lper dig att skapa ett riktigt dr\u00f6m-party med v\u00e5ra tips, h\u00e4ng med! Inneh\u00e5ll, [&hellip;]<\/p>\n","protected":false},"author":1,"featured_media":0,"parent":0,"menu_order":0,"comment_status":"closed","ping_status":"open","template":"","meta":{"footnotes":""},"class_list":["post-2","page","type-page","status-publish","hentry"],"yoast_head":"<!-- This site is optimized with the Yoast SEO plugin v27.4 - https:\/\/yoast.com\/product\/yoast-seo-wordpress\/ -->\n<title>Party! - Partywebben<\/title>\n<meta name=\"description\" content=\"Allt du beh\u00f6ver veta f\u00f6r att fixa en egen fest och party. Tips p\u00e5 olika teman och checklista med to-do\u00b4s. F\u00e4rdig text f\u00f6r lapp till grannen.\" \/>\n<meta name=\"robots\" content=\"index, follow, max-snippet:-1, max-image-preview:large, max-video-preview:-1\" \/>\n<link rel=\"canonical\" href=\"https:\/\/partywebben.se\/\" \/>\n<meta property=\"og:locale\" content=\"sv_SE\" \/>\n<meta property=\"og:type\" content=\"article\" \/>\n<meta property=\"og:title\" content=\"Party! - Partywebben\" \/>\n<meta property=\"og:description\" content=\"Allt du beh\u00f6ver veta f\u00f6r att fixa en egen fest och party. Tips p\u00e5 olika teman och checklista med to-do\u00b4s. F\u00e4rdig text f\u00f6r lapp till grannen.\" \/>\n<meta property=\"og:url\" content=\"https:\/\/partywebben.se\/\" \/>\n<meta property=\"og:site_name\" content=\"Partywebben\" \/>\n<meta property=\"article:modified_time\" content=\"2021-12-23T09:39:58+00:00\" \/>\n<meta property=\"og:image\" content=\"https:\/\/partywebben.se\/wp-content\/uploads\/2021\/12\/partywebben.jpg\" \/>\n<meta name=\"twitter:card\" content=\"summary_large_image\" \/>\n<meta name=\"twitter:label1\" content=\"Ber\u00e4knad l\u00e4stid\" \/>\n\t<meta name=\"twitter:data1\" content=\"5 minuter\" \/>\n<script type=\"application\/ld+json\" class=\"yoast-schema-graph\">{\"@context\":\"https:\\\/\\\/schema.org\",\"@graph\":[{\"@type\":\"WebPage\",\"@id\":\"https:\\\/\\\/partywebben.se\\\/\",\"url\":\"https:\\\/\\\/partywebben.se\\\/\",\"name\":\"Party! - Partywebben\",\"isPartOf\":{\"@id\":\"https:\\\/\\\/partywebben.se\\\/#website\"},\"primaryImageOfPage\":{\"@id\":\"https:\\\/\\\/partywebben.se\\\/#primaryimage\"},\"image\":{\"@id\":\"https:\\\/\\\/partywebben.se\\\/#primaryimage\"},\"thumbnailUrl\":\"https:\\\/\\\/partywebben.se\\\/wp-content\\\/uploads\\\/2021\\\/12\\\/partywebben.jpg\",\"datePublished\":\"2021-12-23T08:40:19+00:00\",\"dateModified\":\"2021-12-23T09:39:58+00:00\",\"description\":\"Allt du beh\u00f6ver veta f\u00f6r att fixa en egen fest och party. Tips p\u00e5 olika teman och checklista med to-do\u00b4s. F\u00e4rdig text f\u00f6r lapp till grannen.\",\"breadcrumb\":{\"@id\":\"https:\\\/\\\/partywebben.se\\\/#breadcrumb\"},\"inLanguage\":\"sv-SE\",\"potentialAction\":[{\"@type\":\"ReadAction\",\"target\":[\"https:\\\/\\\/partywebben.se\\\/\"]}]},{\"@type\":\"ImageObject\",\"inLanguage\":\"sv-SE\",\"@id\":\"https:\\\/\\\/partywebben.se\\\/#primaryimage\",\"url\":\"https:\\\/\\\/partywebben.se\\\/wp-content\\\/uploads\\\/2021\\\/12\\\/partywebben.jpg\",\"contentUrl\":\"https:\\\/\\\/partywebben.se\\\/wp-content\\\/uploads\\\/2021\\\/12\\\/partywebben.jpg\",\"width\":800,\"height\":600},{\"@type\":\"BreadcrumbList\",\"@id\":\"https:\\\/\\\/partywebben.se\\\/#breadcrumb\",\"itemListElement\":[{\"@type\":\"ListItem\",\"position\":1,\"name\":\"Hem\",\"item\":\"https:\\\/\\\/partywebben.se\\\/\"},{\"@type\":\"ListItem\",\"position\":2,\"name\":\"Party!\"}]},{\"@type\":\"WebSite\",\"@id\":\"https:\\\/\\\/partywebben.se\\\/#website\",\"url\":\"https:\\\/\\\/partywebben.se\\\/\",\"name\":\"Partywebben\",\"description\":\"Tips f\u00f6r fest och party\",\"potentialAction\":[{\"@type\":\"SearchAction\",\"target\":{\"@type\":\"EntryPoint\",\"urlTemplate\":\"https:\\\/\\\/partywebben.se\\\/?s={search_term_string}\"},\"query-input\":{\"@type\":\"PropertyValueSpecification\",\"valueRequired\":true,\"valueName\":\"search_term_string\"}}],\"inLanguage\":\"sv-SE\"}]}<\/script>\n<!-- \/ Yoast SEO plugin. -->","yoast_head_json":{"title":"Party! - Partywebben","description":"Allt du beh\u00f6ver veta f\u00f6r att fixa en egen fest och party. Tips p\u00e5 olika teman och checklista med to-do\u00b4s. F\u00e4rdig text f\u00f6r lapp till grannen.","robots":{"index":"index","follow":"follow","max-snippet":"max-snippet:-1","max-image-preview":"max-image-preview:large","max-video-preview":"max-video-preview:-1"},"canonical":"https:\/\/partywebben.se\/","og_locale":"sv_SE","og_type":"article","og_title":"Party! - Partywebben","og_description":"Allt du beh\u00f6ver veta f\u00f6r att fixa en egen fest och party. Tips p\u00e5 olika teman och checklista med to-do\u00b4s. F\u00e4rdig text f\u00f6r lapp till grannen.","og_url":"https:\/\/partywebben.se\/","og_site_name":"Partywebben","article_modified_time":"2021-12-23T09:39:58+00:00","og_image":[{"url":"https:\/\/partywebben.se\/wp-content\/uploads\/2021\/12\/partywebben.jpg","type":"","width":"","height":""}],"twitter_card":"summary_large_image","twitter_misc":{"Ber\u00e4knad l\u00e4stid":"5 minuter"},"schema":{"@context":"https:\/\/schema.org","@graph":[{"@type":"WebPage","@id":"https:\/\/partywebben.se\/","url":"https:\/\/partywebben.se\/","name":"Party! - Partywebben","isPartOf":{"@id":"https:\/\/partywebben.se\/#website"},"primaryImageOfPage":{"@id":"https:\/\/partywebben.se\/#primaryimage"},"image":{"@id":"https:\/\/partywebben.se\/#primaryimage"},"thumbnailUrl":"https:\/\/partywebben.se\/wp-content\/uploads\/2021\/12\/partywebben.jpg","datePublished":"2021-12-23T08:40:19+00:00","dateModified":"2021-12-23T09:39:58+00:00","description":"Allt du beh\u00f6ver veta f\u00f6r att fixa en egen fest och party. Tips p\u00e5 olika teman och checklista med to-do\u00b4s. F\u00e4rdig text f\u00f6r lapp till grannen.","breadcrumb":{"@id":"https:\/\/partywebben.se\/#breadcrumb"},"inLanguage":"sv-SE","potentialAction":[{"@type":"ReadAction","target":["https:\/\/partywebben.se\/"]}]},{"@type":"ImageObject","inLanguage":"sv-SE","@id":"https:\/\/partywebben.se\/#primaryimage","url":"https:\/\/partywebben.se\/wp-content\/uploads\/2021\/12\/partywebben.jpg","contentUrl":"https:\/\/partywebben.se\/wp-content\/uploads\/2021\/12\/partywebben.jpg","width":800,"height":600},{"@type":"BreadcrumbList","@id":"https:\/\/partywebben.se\/#breadcrumb","itemListElement":[{"@type":"ListItem","position":1,"name":"Hem","item":"https:\/\/partywebben.se\/"},{"@type":"ListItem","position":2,"name":"Party!"}]},{"@type":"WebSite","@id":"https:\/\/partywebben.se\/#website","url":"https:\/\/partywebben.se\/","name":"Partywebben","description":"Tips f\u00f6r fest och party","potentialAction":[{"@type":"SearchAction","target":{"@type":"EntryPoint","urlTemplate":"https:\/\/partywebben.se\/?s={search_term_string}"},"query-input":{"@type":"PropertyValueSpecification","valueRequired":true,"valueName":"search_term_string"}}],"inLanguage":"sv-SE"}]}},"_links":{"self":[{"href":"https:\/\/partywebben.se\/index.php?rest_route=\/wp\/v2\/pages\/2","targetHints":{"allow":["GET"]}}],"collection":[{"href":"https:\/\/partywebben.se\/index.php?rest_route=\/wp\/v2\/pages"}],"about":[{"href":"https:\/\/partywebben.se\/index.php?rest_route=\/wp\/v2\/types\/page"}],"author":[{"embeddable":true,"href":"https:\/\/partywebben.se\/index.php?rest_route=\/wp\/v2\/users\/1"}],"replies":[{"embeddable":true,"href":"https:\/\/partywebben.se\/index.php?rest_route=%2Fwp%2Fv2%2Fcomments&post=2"}],"version-history":[{"count":6,"href":"https:\/\/partywebben.se\/index.php?rest_route=\/wp\/v2\/pages\/2\/revisions"}],"predecessor-version":[{"id":19,"href":"https:\/\/partywebben.se\/index.php?rest_route=\/wp\/v2\/pages\/2\/revisions\/19"}],"wp:attachment":[{"href":"https:\/\/partywebben.se\/index.php?rest_route=%2Fwp%2Fv2%2Fmedia&parent=2"}],"curies":[{"name":"wp","href":"https:\/\/api.w.org\/{rel}","templated":true}]}}